{"id":336,"date":"2021-03-16T12:11:48","date_gmt":"2021-03-16T12:11:48","guid":{"rendered":"http:\/\/autolane.qreativethemes.com\/?page_id=336"},"modified":"2026-04-29T21:23:03","modified_gmt":"2026-04-30T01:23:03","slug":"chequeo-general","status":"publish","type":"page","link":"https:\/\/lubricambio.com\/index.php\/servicios\/chequeo-general\/","title":{"rendered":"Chequeo General"},"content":{"rendered":"\t\t<div data-elementor-type=\"wp-page\" data-elementor-id=\"336\" class=\"elementor elementor-336\" data-elementor-post-type=\"page\">\n\t\t\t\t\t\t<div class=\"elementor-inner\">\n\t\t\t\t<div class=\"elementor-section-wrap\">\n\t\t\t\t\t\t\t\t\t<section class=\"elementor-section elementor-top-section elementor-element elementor-element-449218a elementor-section-boxed elementor-section-height-default elementor-section-height-default\" data-id=\"449218a\" data-element_type=\"section\">\n\t\t\t\t\t\t<div class=\"elementor-container elementor-column-gap-default\">\n\t\t\t\t\t\t\t<div class=\"elementor-row\">\n\t\t\t\t\t<div class=\"elementor-column elementor-col-50 elementor-top-column elementor-element elementor-element-ebc4491\" data-id=\"ebc4491\" data-element_type=\"column\">\n\t\t\t<div class=\"elementor-column-wrap elementor-element-populated\">\n\t\t\t\t\t\t\t<div class=\"elementor-widget-wrap\">\n\t\t\t\t\t\t<div class=\"elementor-element elementor-element-563007f elementor-invisible elementor-widget elementor-widget-text-editor\" data-id=\"563007f\" data-element_type=\"widget\" data-settings=\"{&quot;_animation&quot;:&quot;fadeIn&quot;}\" data-widget_type=\"text-editor.default\">\n\t\t\t\t<div class=\"elementor-widget-container\">\n\t\t\t<style>\/*! elementor - v3.17.0 - 08-11-2023 *\/\n.elementor-widget-text-editor.elementor-drop-cap-view-stacked .elementor-drop-cap{background-color:#69727d;color:#fff}.elementor-widget-text-editor.elementor-drop-cap-view-framed .elementor-drop-cap{color:#69727d;border:3px solid;background-color:transparent}.elementor-widget-text-editor:not(.elementor-drop-cap-view-default) .elementor-drop-cap{margin-top:8px}.elementor-widget-text-editor:not(.elementor-drop-cap-view-default) .elementor-drop-cap-letter{width:1em;height:1em}.elementor-widget-text-editor .elementor-drop-cap{float:left;text-align:center;line-height:1;font-size:50px}.elementor-widget-text-editor .elementor-drop-cap-letter{display:inline-block}<\/style>\t\t\t\t\t<div class=\"elementor-text-editor elementor-clearfix\">\n\t\t\t\t<h3>MANTENIMIENTO PREVENTIVO<\/h3><p>El mantenimiento <span style=\"color: #d90429;\"><strong>peri\u00f3dico<\/strong><\/span> es esencial para conservar los veh\u00edculos en \u00f3ptimas condiciones, siendo fundamental revisar el nivel de aceite cada vez que cargue combustible. El filtro de aire debe limpiarse en cada cambio de aceite y reemplazarse ante cualquier deterioro para garantizar la vida del motor. El refrigerante debe monitorearse semanalmente, manteni\u00e9ndolo siempre entre los niveles m\u00ednimo y m\u00e1ximo, revis\u00e1ndolo \u00fanicamente con el motor fr\u00edo para evitar quemaduras. La bater\u00eda requiere verificaci\u00f3n trimestral del nivel de agua en sus celdas para mantener la carga y prolongar su duraci\u00f3n. El mantenimiento preventivo detecta problemas antes de que se conviertan en fallas mayores, ahorrando tiempo y dinero a largo plazo.<\/p>\t\t\t\t\t<\/div>\n\t\t\t\t\t\t<\/div>\n\t\t\t\t<\/div>\n\t\t\t\t<div class=\"elementor-element elementor-element-d93b98c elementor-invisible elementor-widget elementor-widget-text-editor\" data-id=\"d93b98c\" data-element_type=\"widget\" data-settings=\"{&quot;_animation&quot;:&quot;fadeIn&quot;}\" data-widget_type=\"text-editor.default\">\n\t\t\t\t<div class=\"elementor-widget-container\">\n\t\t\t\t\t\t\t\t<div class=\"elementor-text-editor elementor-clearfix\">\n\t\t\t\t<h3>ELEMENTOS DE SEGURIDAD VEHICULAR<\/h3><p>Los componentes de seguridad son cruciales para garantizar una conducci\u00f3n confiable, empezando por la inspecci\u00f3n semanal de todas las luces para evitar accidentes y multas. El l\u00edquido de limpiaparabrisas debe contener entre 15% y 20% de producto especializado mezclado con agua para optimizar la limpieza y prolongar la vida de las plumillas. El l\u00edquido de frenos debe mantenerse en el nivel adecuado y ante cualquier irregularidad en el frenado, el veh\u00edculo debe llevarse inmediatamente al taller. La presi\u00f3n del aire en las ruedas requiere revisi\u00f3n quincenal para asegurar un frenado eficaz y una conducci\u00f3n segura. Atender oportunamente estos elementos de seguridad previene accidentes y garantiza el correcto funcionamiento del veh\u00edculo en condiciones adversas.<\/p>\t\t\t\t\t<\/div>\n\t\t\t\t\t\t<\/div>\n\t\t\t\t<\/div>\n\t\t\t\t\t\t<\/div>\n\t\t\t\t\t<\/div>\n\t\t<\/div>\n\t\t\t\t<div class=\"elementor-column elementor-col-50 elementor-top-column elementor-element elementor-element-d0c3c0b\" data-id=\"d0c3c0b\" data-element_type=\"column\" data-settings=\"{&quot;background_background&quot;:&quot;classic&quot;}\">\n\t\t\t<div class=\"elementor-column-wrap elementor-element-populated\">\n\t\t\t\t\t\t\t<div class=\"elementor-widget-wrap\">\n\t\t\t\t\t\t<div class=\"elementor-element elementor-element-93fdc8d elementor-invisible elementor-widget elementor-widget-qt-pricing-table\" data-id=\"93fdc8d\" data-element_type=\"widget\" data-settings=\"{&quot;_animation&quot;:&quot;fadeIn&quot;}\" data-widget_type=\"qt-pricing-table.default\">\n\t\t\t\t<div class=\"elementor-widget-container\">\n\t\t\t\n        <div class=\"pricing-table\">\n\n            \n                            <h5 class=\"pricing-table__title\">Chequeo General<\/h5>\n            \n                            <span class=\"pricing-table__subtitle\">\u00a1Revise su veh\u00edculo hoy! Agende su cita ahora<\/span>\n            \n            <div class=\"pricing-table__pricing\">\n\n                \n                                \n                \n            <\/div>\n\n            \n                            <div class=\"pricing-table__button\">\n                    <a href=\"https:\/\/lubricambio.com\/index.php\/agendar-cita\/\" class=\"btn btn-default\">Hacer Cita<\/a>\n                <\/div>\n            \n            \n                <div class=\"pricing-table__content\">\n\n                                            <span class=\"pricing-table__content__title\">Servicios Incluidos:<\/span>\n                    \n                                            <div class=\"pricing-table__included\">\n                            <ul>\n                                                                        <li>\n                                                                                            <i aria-hidden=\"true\" class=\"fas fa-arrow-circle-right\"><\/i>                                                                                        Completado de aire en gomas.                                        <\/li>\n                                                                                <li>\n                                                                                            <i aria-hidden=\"true\" class=\"fas fa-arrow-circle-right\"><\/i>                                                                                        Limpieza con aspiradora.                                        <\/li>\n                                                                                <li>\n                                                                                            <i aria-hidden=\"true\" class=\"fas fa-arrow-circle-right\"><\/i>                                                                                        Reemplazo inmediato de piezas si hace falta.                                        <\/li>\n                                                                                <li>\n                                                                                            <i aria-hidden=\"true\" class=\"fas fa-arrow-circle-right\"><\/i>                                                                                        Diagn\u00f3stico en luces de frenos.                                        <\/li>\n                                                                    <\/ul>\n                        <\/div>\n                    \n                    \n                <\/div>\n\n            \n        <\/div>\n\n        \t\t<\/div>\n\t\t\t\t<\/div>\n\t\t\t\t\t\t<\/div>\n\t\t\t\t\t<\/div>\n\t\t<\/div>\n\t\t\t\t\t\t\t\t<\/div>\n\t\t\t\t\t<\/div>\n\t\t<\/section>\n\t\t\t\t<section class=\"elementor-section elementor-top-section elementor-element elementor-element-66e1a7c elementor-section-content-middle elementor-section-boxed elementor-section-height-default elementor-section-height-default\" data-id=\"66e1a7c\" data-element_type=\"section\">\n\t\t\t\t\t\t<div class=\"elementor-container elementor-column-gap-default\">\n\t\t\t\t\t\t\t<div class=\"elementor-row\">\n\t\t\t\t\t<div class=\"elementor-column elementor-col-50 elementor-top-column elementor-element elementor-element-582c203\" data-id=\"582c203\" data-element_type=\"column\">\n\t\t\t<div class=\"elementor-column-wrap elementor-element-populated\">\n\t\t\t\t\t\t\t<div class=\"elementor-widget-wrap\">\n\t\t\t\t\t\t<div class=\"elementor-element elementor-element-508d6e4 elementor-invisible elementor-widget elementor-widget-image\" data-id=\"508d6e4\" data-element_type=\"widget\" data-settings=\"{&quot;_animation&quot;:&quot;fadeIn&quot;}\" data-widget_type=\"image.default\">\n\t\t\t\t<div class=\"elementor-widget-container\">\n\t\t\t<style>\/*! elementor - v3.17.0 - 08-11-2023 *\/\n.elementor-widget-image{text-align:center}.elementor-widget-image a{display:inline-block}.elementor-widget-image a img[src$=\".svg\"]{width:48px}.elementor-widget-image img{vertical-align:middle;display:inline-block}<\/style>\t\t\t\t\t<div class=\"elementor-image\">\n\t\t\t\t\t\t\t\t\t\t\t\t\t<a href=\"https:\/\/lubricambio.com\/wp-content\/uploads\/2025\/03\/Snapinst.app_448368271_1457082511582639_8512666742358185658_n_1080.jpg\" data-elementor-open-lightbox=\"yes\" data-elementor-lightbox-title=\"Snapinst.app_448368271_1457082511582639_8512666742358185658_n_1080\" data-e-action-hash=\"#elementor-action%3Aaction%3Dlightbox%26settings%3DeyJpZCI6MjU2NSwidXJsIjoiaHR0cHM6XC9cL2x1YnJpY2FtYmlvLmNvbVwvd3AtY29udGVudFwvdXBsb2Fkc1wvMjAyNVwvMDNcL1NuYXBpbnN0LmFwcF80NDgzNjgyNzFfMTQ1NzA4MjUxMTU4MjYzOV84NTEyNjY2NzQyMzU4MTg1NjU4X25fMTA4MC5qcGcifQ%3D%3D\">\n\t\t\t\t\t\t\t<img fetchpriority=\"high\" decoding=\"async\" width=\"1080\" height=\"1080\" src=\"https:\/\/lubricambio.com\/wp-content\/uploads\/2025\/03\/Snapinst.app_448368271_1457082511582639_8512666742358185658_n_1080.jpg\" class=\"attachment-full size-full wp-image-2565\" alt=\"\" srcset=\"https:\/\/lubricambio.com\/wp-content\/uploads\/2025\/03\/Snapinst.app_448368271_1457082511582639_8512666742358185658_n_1080.jpg 1080w, https:\/\/lubricambio.com\/wp-content\/uploads\/2025\/03\/Snapinst.app_448368271_1457082511582639_8512666742358185658_n_1080-300x300.jpg 300w, https:\/\/lubricambio.com\/wp-content\/uploads\/2025\/03\/Snapinst.app_448368271_1457082511582639_8512666742358185658_n_1080-1024x1024.jpg 1024w, https:\/\/lubricambio.com\/wp-content\/uploads\/2025\/03\/Snapinst.app_448368271_1457082511582639_8512666742358185658_n_1080-150x150.jpg 150w, https:\/\/lubricambio.com\/wp-content\/uploads\/2025\/03\/Snapinst.app_448368271_1457082511582639_8512666742358185658_n_1080-768x768.jpg 768w, https:\/\/lubricambio.com\/wp-content\/uploads\/2025\/03\/Snapinst.app_448368271_1457082511582639_8512666742358185658_n_1080-600x600.jpg 600w, https:\/\/lubricambio.com\/wp-content\/uploads\/2025\/03\/Snapinst.app_448368271_1457082511582639_8512666742358185658_n_1080-100x100.jpg 100w\" sizes=\"(max-width: 1080px) 100vw, 1080px\" \/>\t\t\t\t\t\t\t\t<\/a>\n\t\t\t\t\t\t\t\t\t\t\t\t\t\t<\/div>\n\t\t\t\t\t\t<\/div>\n\t\t\t\t<\/div>\n\t\t\t\t\t\t<\/div>\n\t\t\t\t\t<\/div>\n\t\t<\/div>\n\t\t\t\t<div class=\"elementor-column elementor-col-50 elementor-top-column elementor-element elementor-element-2925ce4\" data-id=\"2925ce4\" data-element_type=\"column\" data-settings=\"{&quot;background_background&quot;:&quot;classic&quot;}\">\n\t\t\t<div class=\"elementor-column-wrap elementor-element-populated\">\n\t\t\t\t\t\t\t<div class=\"elementor-widget-wrap\">\n\t\t\t\t\t\t<div class=\"elementor-element elementor-element-4488ccd elementor-invisible elementor-widget elementor-widget-image\" data-id=\"4488ccd\" data-element_type=\"widget\" data-settings=\"{&quot;_animation&quot;:&quot;fadeIn&quot;}\" data-widget_type=\"image.default\">\n\t\t\t\t<div class=\"elementor-widget-container\">\n\t\t\t\t\t\t\t\t<div class=\"elementor-image\">\n\t\t\t\t\t\t\t\t\t\t\t\t\t<a href=\"https:\/\/lubricambio.com\/wp-content\/uploads\/2025\/03\/Snapinst.app_448046048_971236468077374_1410638152483600491_n_1080.jpg\" data-elementor-open-lightbox=\"yes\" data-elementor-lightbox-title=\"Snapinst.app_448046048_971236468077374_1410638152483600491_n_1080\" data-e-action-hash=\"#elementor-action%3Aaction%3Dlightbox%26settings%3DeyJpZCI6MjU2NiwidXJsIjoiaHR0cHM6XC9cL2x1YnJpY2FtYmlvLmNvbVwvd3AtY29udGVudFwvdXBsb2Fkc1wvMjAyNVwvMDNcL1NuYXBpbnN0LmFwcF80NDgwNDYwNDhfOTcxMjM2NDY4MDc3Mzc0XzE0MTA2MzgxNTI0ODM2MDA0OTFfbl8xMDgwLmpwZyJ9\">\n\t\t\t\t\t\t\t<img decoding=\"async\" width=\"1080\" height=\"1080\" src=\"https:\/\/lubricambio.com\/wp-content\/uploads\/2025\/03\/Snapinst.app_448046048_971236468077374_1410638152483600491_n_1080.jpg\" class=\"attachment-full size-full wp-image-2566\" alt=\"\" srcset=\"https:\/\/lubricambio.com\/wp-content\/uploads\/2025\/03\/Snapinst.app_448046048_971236468077374_1410638152483600491_n_1080.jpg 1080w, https:\/\/lubricambio.com\/wp-content\/uploads\/2025\/03\/Snapinst.app_448046048_971236468077374_1410638152483600491_n_1080-300x300.jpg 300w, https:\/\/lubricambio.com\/wp-content\/uploads\/2025\/03\/Snapinst.app_448046048_971236468077374_1410638152483600491_n_1080-1024x1024.jpg 1024w, https:\/\/lubricambio.com\/wp-content\/uploads\/2025\/03\/Snapinst.app_448046048_971236468077374_1410638152483600491_n_1080-150x150.jpg 150w, https:\/\/lubricambio.com\/wp-content\/uploads\/2025\/03\/Snapinst.app_448046048_971236468077374_1410638152483600491_n_1080-768x768.jpg 768w, https:\/\/lubricambio.com\/wp-content\/uploads\/2025\/03\/Snapinst.app_448046048_971236468077374_1410638152483600491_n_1080-600x600.jpg 600w, https:\/\/lubricambio.com\/wp-content\/uploads\/2025\/03\/Snapinst.app_448046048_971236468077374_1410638152483600491_n_1080-100x100.jpg 100w\" sizes=\"(max-width: 1080px) 100vw, 1080px\" \/>\t\t\t\t\t\t\t\t<\/a>\n\t\t\t\t\t\t\t\t\t\t\t\t\t\t<\/div>\n\t\t\t\t\t\t<\/div>\n\t\t\t\t<\/div>\n\t\t\t\t\t\t<\/div>\n\t\t\t\t\t<\/div>\n\t\t<\/div>\n\t\t\t\t\t\t\t\t<\/div>\n\t\t\t\t\t<\/div>\n\t\t<\/section>\n\t\t\t\t\t\t\t\t\t<\/div>\n\t\t\t<\/div>\n\t\t\t\t\t<\/div>\n\t\t","protected":false},"excerpt":{"rendered":"<p>Inspeccionamos los puntos clave de tu veh\u00edculo para asegurar su \u00f3ptimo funcionamiento: niveles de fluidos, sistema de frenos, suspensi\u00f3n, luces y estado general. Detectamos a tiempo cualquier detalle para evitar fallas mayores.<\/p>\n","protected":false},"author":1,"featured_media":2632,"parent":17,"menu_order":0,"comment_status":"closed","ping_status":"closed","template":"","meta":{"_monsterinsights_skip_tracking":false,"_monsterinsights_sitenote_active":false,"_monsterinsights_sitenote_note":"","_monsterinsights_sitenote_category":0,"footnotes":""},"acf":[],"aioseo_notices":[],"_links":{"self":[{"href":"https:\/\/lubricambio.com\/index.php\/wp-json\/wp\/v2\/pages\/336"}],"collection":[{"href":"https:\/\/lubricambio.com\/index.php\/wp-json\/wp\/v2\/pages"}],"about":[{"href":"https:\/\/lubricambio.com\/index.php\/wp-json\/wp\/v2\/types\/page"}],"author":[{"embeddable":true,"href":"https:\/\/lubricambio.com\/index.php\/wp-json\/wp\/v2\/users\/1"}],"replies":[{"embeddable":true,"href":"https:\/\/lubricambio.com\/index.php\/wp-json\/wp\/v2\/comments?post=336"}],"version-history":[{"count":5,"href":"https:\/\/lubricambio.com\/index.php\/wp-json\/wp\/v2\/pages\/336\/revisions"}],"predecessor-version":[{"id":2643,"href":"https:\/\/lubricambio.com\/index.php\/wp-json\/wp\/v2\/pages\/336\/revisions\/2643"}],"up":[{"embeddable":true,"href":"https:\/\/lubricambio.com\/index.php\/wp-json\/wp\/v2\/pages\/17"}],"wp:featuredmedia":[{"embeddable":true,"href":"https:\/\/lubricambio.com\/index.php\/wp-json\/wp\/v2\/media\/2632"}],"wp:attachment":[{"href":"https:\/\/lubricambio.com\/index.php\/wp-json\/wp\/v2\/media?parent=336"}],"curies":[{"name":"wp","href":"https:\/\/api.w.org\/{rel}","templated":true}]}}